the units digit of -9*(-4)/v + (-5110)/(-5)?
8
Let z(x) = -17*x - 25. Let k(g) = 1. Let f(h) = -k(h) + z(h). Let c be f(7). Let q = 38 - c. What is the units digit of q?
3
Suppose 460 = 2*d - 2*p, 938 = 15*d - 11*d + 5*p. What is the units digit of d?
2
Let f(n) = n**3 - 28*n**2 + 18*n + 181. Let j be f(28). Let v = j + -30. What is the units digit of v?
5
Suppose -25*x + 8*x = 7*x - 173520. What is the units digit of x?
0
Suppose 471*n - 18270238 = 128*n. What is the ten thousands digit of n?
5
Suppose q = -i - 14, -2*q = -5*i + 1 - 8. What is the hundreds digit of (-5883)/q - 3/(-9)?
6
Let b = 92 + -87. Suppose t - 360 = -b*t. Suppose 0 = -t*k + 65*k - 405. What is the units digit of k?
1
Let u = -77 - -81. Suppose 4*f - 128 - 1664 = -u*v, 4*f + v = 1786. What is the hundreds digit of f?
4
Suppose 1282 = 3*o - 1412. Suppose 5*j - o = -3898. What is the hundreds digit of -1 - (-13)/((-65)/j)?
1
Let m(x) = 3*x**2 + 280*x + 35588. What is the thousands digit of m(0)?
5
Suppose 2*f - 2*a + 48 = 0, -3*a = 2*f - a + 60. Let n be (-136)/(-12)*f/6. Let v = n + 65. What is the tens digit of v?
1
Let a = 16399 - 8725. What is the hundreds digit of a?
6
Let h be -1 - -1 - 585/(-9). Let k = h + 58. What is the tens digit of k?
2
Suppose -x = -4*h - 19559, 2*x + 4*h - 19174 - 19884 = 0. What is the units digit of x?
9
Let b(l) = 107*l**2 - 8*l + 3. Let c be b(-8). Suppose -5*n + 5*d + c = 0, 2*d + 3*d = 0. What is the hundreds digit of n?
3
What is the hundreds digit of 3797 + -40*17/(-85)?
8
Suppose 2*b - a = 1272, 631 = b - 2*a + 4*a. Let m = b - 417. What is the hundreds digit of m?
2
Suppose 434 - 2828 = -6*g. Suppose 5*h = -t + 1341, g + 404 = 3*h + t. What is the tens digit of h?
6
What is the hundreds digit of ((-1128106)/(-56) + -5)/((-27)/(-72))?
7
Let u = 1421 - -17031. What is the thousands digit of u?
8
Let q be 6/(-10) + (-1866654)/(-90). Suppose 16*k + 18*k - q = 0. What is the units digit of k?
0
Let m(p) = 2*p**2 + 100*p - 191. What is the units digit of m(-162)?
7
Suppose 13 = x + 4*g, -4*x + g = -g - 34. Suppose -5*t + x = -6. Suppose -t*s - 2*s = -4*i + 7, 3*i = -5*s + 49. What is the units digit of i?
8
Suppose 2*y - 6797 + 283 = 0. What is the hundreds digit of y?
2
Suppose 4*z + 3*g = 16, -4*z + 9*z - 4*g = 20. What is the units digit of (22050/12)/25 + (-2)/z?
3
Let m(p) be the third derivative of 5/6*p**3 + 0 - 1/30*p**5 + 1/6*p**4 + 0*p + 36*p**2 - 1/60*p**6. What is the units digit of m(-2)?
5
Suppose 5*w + 324 = -4*t, -2*w = 3*t + 94 + 156. Let h = t - -84. What is the tens digit of 1 + h - 0 - (-157 - 11)?
6
Suppose 10*a + 1155 = -9425. Let g = a - -2523. What is the units digit of g?
5
Suppose l + l = i + 6, 5*i - l - 6 = 0. Suppose i*f - 1 = -w + 1, 5*w = 0. What is the units digit of (-3 - f)/(2 - (-98)/(-48))?
6
Suppose 2*c - g = -402, -3*c + 4*g - 183 = 420. Let q = -75 - c. Suppose -2*y + q = -4*j, y + 5*j - 15 = 69. What is the units digit of y?
9
Let x(h) = -2*h**3 + 36*h**2 + 2*h - 26. Suppose 29*s - 27*s = 36. What is the units digit of x(s)?
0
Let b be (-1)/(-4 - -2)*6. Suppose -2*o = i + 3*o - 532, -3*o = -b*i + 1578. What is the units digit of i?
7
Suppose 2*h + 5*o + 1 = -6, -5*o = -2*h + 3. What is the thousands digit of -3 - (h + (5 - 4)) - -1313?
1
Suppose -4*z = -20, 2*g + 16 = -0*g + 4*z. Suppose -3*y - 4 - g = 0. What is the tens digit of 11/(y/(4/(-2)))?
1
What is the tens digit of (2*(-6 + 29))/((-6)/(-885))?
8
Let r = 2993 + -1448. Suppose -1539*n - 2670 = -r*n. What is the tens digit of n?
4
Suppose y = -4*g - 200, g + 30 = 2*y - 20. Let z = 577 + g. What is the tens digit of z?
2
Suppose -1630*n = -1634*n + 20, 4*q = 5*n + 191447. What is the tens digit of q?
6
Suppose -4*n = -10*u + 15*u - 163, 3*n + 4*u = 123. Suppose 32*a + 380 = n*a. What is the tens digit of a?
7
Let z be (-664)/(-12) + 4 + 2/(-6). Suppose 2*o = -6, -51 = -3*p - 5*o + 168. Let c = p - z. What is the units digit of c?
9
Let x be (20/(-12))/((-6)/(-108)*3). What is the tens digit of (15 - -724) + 2/((-4)/x)?
4
Let s = -396 - -632. Let k = s + -175. What is the units digit of k?
1
Let k = 3503 + -369. What is the units digit of k?
4
Suppose -85*d - 139363 + 1177808 = 0. What is the units digit of d?
7
Let c(n) be the third derivative of n**6/60 - n**5/12 - n**4/12 - 2*n**3/3 - 35*n**2. Let o be c(3). What is the units digit of o/(-3)*6 + 93?
5
Let k(q) = 92*q + 61. Let s be k(14). Suppose 3*x = -y + 443, -3*y + 11*x - 15*x + s = 0. What is the hundreds digit of y?
4
Let d be (-1)/2 + (-1)/((-12)/(-2046)). Let r = -122 - d. Suppose -w = -4*h - r, -2*w + 22 = -h - 111. What is the units digit of w?
9
Suppose -d + 13 - 50 = 0. Let b be (-7)/(-7)*(-84)/2. Let w = d - b. What is the units digit of w?
5
Let r = 133 + -117. Let w(i) = -i**3 + 18*i**2 + 6*i - 29. Let k be w(r). Suppose 4*z + x - k = 0, 0 = -3*z + x - 76 + 512. What is the units digit of z?
5
Suppose -2*t - 784 = -2*b + 394, -574 = -b - 2*t. Let g = -158 + b. What is the tens digit of g?
2
Let g = 75 - -25. Suppose -4*h - 6*h + g = 0. Let s(v) = v**3 - 9*v**2 + 10*v - 4. What is the hundreds digit of s(h)?
1
Let s(g) = -83*g + 2264. What is the thousands digit of s(-41)?
5
Let i = -51 - -94. Let z = i - 150. Let d = -67 - z. What is the units digit of d?
0
Suppose -u = 2*s - 6, 4*s - 4 - 12 = -4*u. Let d(c) = 112*c**2 - 4*c + 13. What is the tens digit of d(u)?
5
Let g be 4/((-4)/(-1))*(-81 + 24). Let n = -85 + -16. Let x = g - n. What is the tens digit of x?
4
Suppose i - 209114 = -5*s, 5*s - 138*i = -133*i + 209150. What is the hundreds digit of s?
8
Suppose -9*f - 4 = 14. Let t be (0 + (-3 - -3)/f)/2. What is the units digit of (t + 92/16 + -3)*12?
3
Suppose 45*d - 3*v + 5470 = 46*d, -10 = 2*v. What is the thousands digit of d?
5
Let p = 6 + -3. Let j be (-42)/(-8) - (-42)/56. Suppose 4*v + 60 = j*v - 5*f, f + 64 = p*v. What is the tens digit of v?
2
Let b be (-36)/(-30)*2570/6. Suppose 3*m - 4*i = 1088, 0 = m + i - b + 156. What is the hundreds digit of m?
3
Suppose -2*j = -5*c - 75339, -5*j - 22*c = -17*c - 188470. What is the ten thousands digit of j?
3
Let u be 1 + -12*9 + -2. Let l be (-1 - (1 - -12))/((-23)/(-46)). Let c = l - u. What is the units digit of c?
1
Let b(p) = -23*p - 15. Let x be b(-2). Suppose -x*w - 599 + 2583 = 0. What is the tens digit of w?
6
Let l(g) = -g**2 + 4*g + 296. Let v be l(0). Let o = 309 - v. What is the tens digit of o?
1
Let r(t) = -2152*t - 426. What is the hundreds digit of r(-9)?
9
Let p be (-2 - -4)/((-2)/4*1). Let h be ((-12)/(-4))/((-3)/p) - 1. Suppose 2*o - h*o = -5*m + 511, -4*m + 2*o + 404 = 0. What is the hundreds digit of m?
1
Let x = 4216 + -2970. What is the thousands digit of x?
1
Let n be (-2346)/12 - (-3)/(-6). Let h = n - -126. Let y = 143 + h. What is the units digit of y?
3
Suppose 23121 - 1987 = 3*h + 2*d, 2*d = -h + 7050. What is the thousands digit of h?
7
Let n = -441 - -1054. Let b = 1171 - n. What is the units digit of b?
8
Let i = 147 - 156. What is the hundreds digit of i/12 + (-11900)/(-16)?
7
Let f(m) = m**2 + 17*m + 33. Let j be f(-15). Suppose -848 = -19*b + j*b. What is the tens digit of b?
5
What is the hundreds digit of 4*2 + (-16)/((-192)/64980)?
4
Let z(r) = 119 + 0*r + r**3 - 143 + r + 6*r**2. Let j be z(-5). What is the hundreds digit of (-9)/12 + (-679)/j?
1
Let l(w) be the third derivative of 31*w**4/12 + 13*w**3/3 + 2*w**2 - 22*w. What is the hundreds digit of l(7)?
4
Let z(p) = -3 - 3 - 2*p - 7*p + p**2. Let o be z(10). Suppose c + 294 = o*c. What is the tens digit of c?
9
Let z(o) = -21*o + 150. Let n be z(7). What is the units digit of (4/n + -2)/(4/(-4518))?
3
Suppose 0 = -4*y - s + 146231, 3*y - 146246 = -y - 6*s. What is the ten thousands digit of y?
3
What is the units digit of (-12)/(-40)*(21 - 11) - -25582?
5
Let u be ((-3)/6)/(3 + (-4385)/1460). Let w = 1143 - u. What is the units digit of w?
7
Suppose c = -9*c + 120. Suppose 4*n + 2*n = -c. What is the tens digit of (54/12)/(n/(-32))?
7
Suppose -m - 32362 = -6*m + 23638. What is the thousands digit of m?
1
Suppose 0 = -5*r - 2*w + 50262, -1796 + 41990 = 4*r - w. What is the units digit of r?
0
Suppose 2116*g - 634764 = 2090*g. What is the ten thousands digit of g?
2
Suppose 3*p - 4*m = 16088, -282*m + 285*m = -15. What is the thou